rue
Suppose -2*c + 67 = -1237. Suppose -p + 3*p = c. Is p prime?
False
Suppose 36*b = 41*b - 20. Suppose 4*h - b*s = 416, -h = -0*h - 3*s - 106. Is h a composite number?
False
Let y = -142 + 101. Let w = 118 + y. Is w composite?
True
Suppose 2*w - 12 = -2*b, 2*b + 51 = -0*w + 5*w. Let a(p) = 11*p + 10. Is a(w) a composite number?
False
Is (-19)/(190/(-40)) + 39495 composite?
False
Suppose -5*p + 4 = -6. Let k(y) = 245*y**3 + 11*y**2 - 6*y + 17. Let a(j) = 82*j**3 + 4*j**2 - 2*j + 6. Let f(h) = -8*a(h) + 3*k(h). Is f(p) a prime number?
False
Let c = 146 + -142. Suppose 5*g + l = 3515, 1477 = -c*g + l + 4289. Is g prime?
False
Suppose 0 = -4*h - c + 191730, 231289 = 3*h - c + 87488. Is h composite?
False
Let y = 75 - 52. Let l = 13 - -104. Let h = l - y. Is h a prime number?
False
Is 2 - 22*((-3854)/4 + -3) a prime number?
False
Let y(x) = -27*x**3 - 2*x - 1. Let p be y(-1). Let d = 243 + p. Is d a composite number?
False
Suppose -4*h - 380 = 4*t, -2*t + 3*h - 175 = -0*t. Let f = t - -169. Is f a prime number?
False
Let t = 456 + 254. Let k = t + 541. Suppose 4*n + k = 7*n. Is n a prime number?
False
Let m(c) = -c**3 + 4*c**2 - 2*c + 7. Let q be m(4). Is 0/(-3 - q) - -129 a composite number?
True
Suppose 58 + 47 = 3*l. Let z = l - 3. Suppose -1014 = -2*f - z. Is f a prime number?
True
Suppose -93*l - 8169 = -96*l. Is l a prime number?
False
Let o be (-280516)/(-95)*(2 - (-1)/2). Suppose -4*a = -4*f - 3*a + 7391, 2*a = -4*f + o. Is f a prime number?
True
Let i = 68 + 51. Is i a composite number?
True
Let t = 7450 - 3960. Suppose 2*i - t = -1382. Suppose -i = -5*w - 159. Is w a prime number?
True
Suppose 0*j - 3*j = 24. Let x(y) be the third derivative of -23*y**4/24 + y**3/6 - y**2. Is x(j) a prime number?
False
Suppose 23*l = 12*l + 913. Suppose -2*g = -5*d - 22, 3*g - 10*d = -15*d + l. Is g composite?
True
Let r = -5072 + 21343. Is r a composite number?
True
Let s(x) = 23 + x + x - 3*x. Is s(12) a composite number?
False
Let z(d) = 6*d**3 - 6*d**2 + 9*d - 15. Let l be z(4). Suppose 2202 = 3*m + l. Is m composite?
False
Let u = 1709 + -1378. Is u composite?
False
Let j(d) = -2*d + 2. Suppose -2*i = 3*t + 10, 0*i = -t - 2*i + 2. Let a be j(t). Suppose 9*k = a*k - 190. Is k composite?
True
Suppose 13*a + 10946 + 9113 = 0. Is (2 + -1)/((-1544)/a - 1) a composite number?
False
Let j(a) = -4509*a - 35. Is j(-8) a prime number?
True
Suppose 3*c = -90 - 435. Let a = 2 - c. Is a prime?
False
Let j = 1975 + 5924. Is j a composite number?
True
Let q(z) be the third derivative of z**8/6720 + 11*z**7/5040 + 11*z**6/720 - z**5/12 + 6*z**2. Let m(x) be the third derivative of q(x). Is m(9) a prime number?
True
Let b be (-5 - -6)*(2 - 0). Let a be (-9430)/25 - b/(-10). Let r = a + 714. Is r a prime number?
True
Suppose 5*o + 1610 = -m - 3704, -2*m - 10683 = -o. Let s be m/(-6) + 4/24. Is 1 + -1 - s/(-10) a composite number?
False
Let k = -10 + 11. Let w be (3/k)/((-12)/112). Let f = w + 62. Is f prime?
False
Suppose -5*o = -3*o + 4*z + 14, -z = 5. Let g be (228/(-5))/(3/(-10)). Suppose 97 + g = o*a. Is a prime?
True
Is 18372/10 - (-16)/20 a prime number?
False
Suppose 4*t - 8*t - 3*k + 8398 = 0, t - 2097 = -2*k. Suppose -7*d - 8 = -t. Is d a composite number?
True
Let r be 5022/12 - (-2)/(-4). Suppose -3*m + 60 - r = k, -595 = 5*m + 2*k. Let x = 62 - m. Is x a composite number?
True
Suppose -9*h = -2*v - 11*h + 11886, -3*v - h = -17825. Is v prime?
False
Let t = 31 + -23. Suppose t = -0*a + 4*a. Suppose -a*g + f + 897 = -0*f, -f = -4*g + 1795. Is g composite?
False
Let y = 8 - 6. Suppose 0 = -y*w + 5*w - 261. Is w a composite number?
True
Is (290242/(-14))/((-214)/1498) a prime number?
True
Let q be ((-200)/(-30))/((-1)/3). Let z be (-8)/q - (-22296)/(-15). Is (z/4)/((-8)/16) composite?
False
Is (-14 - -16)*(-2 - (-1465)/2) composite?
True
Let a(p) = -65*p**3 - 5*p**2 - 9*p - 4. Is a(-3) a composite number?
False
Suppose 3*i = 4*i - 3. Let b be 857 + -1 + (5 - i). Let s = b + -596. Is s composite?
True
Let q = -136 + -21. Let d = -74 - q. Is d composite?
False
Let j = 4 + -1. Suppose -j*b + 20 = b. Suppose 4*p - 37 = -g - 4, -b*p + 10 = -5*g. Is p a composite number?
False
Suppose -q + 3759 = -4*f - 2066, f - 5*q = -1442. Let o = -550 - f. Is o prime?
True
Is ((4/2)/4)/((-143)/(-145574)) prime?
True
Let h be (-22)/2 - (-12 - -12). Let w(n) = -n + 1. Let x be w(h). Is 1688/x*(-3)/(-2) a prime number?
True
Let b(j) = j**3 - 2*j**2 - 5*j - 4. Let z be b(4). Is z/(-28) + 11572/28 a composite number?
True
Let b = 77 - 77. Suppose 0*v - 3*v + 1353 = b. Is v composite?
True
Suppose -88526 = -2*t - 7*j + 8*j, -5*t - 3*j + 221293 = 0. Is t a composite number?
True
Let j(d) = -3*d - 13. Let w be j(-6). Suppose -2*z + 1110 = 5*v + 3*z, -w*v + 1105 = 4*z. Is v a prime number?
False
Suppose 321656 = 4*m - 3*l, 241241 = 3*m - 18*l + 16*l. Is m a composite number?
True
Is ((-5)/3)/((-10)/6690) composite?
True
Let a(b) = b**2 - 2*b - 5. Let i be a(3). Is (-6 - 6404/(-8))*i/(-1) prime?
False
Let b = 1762 - 965. Let a = b - 450. Is a a prime number?
True
Let d = -18 + 20. Suppose d*j - 515 = 683. Is j composite?
False
Let p(a) = -21*a**3 - 13*a**2 - 86*a + 3. Is p(-10) composite?
False
Suppose -4*z = -43 + 15. Let n = z + -4. Is ((-237)/9)/(n/(-9)) prime?
True
Let r = 22 + -8. Is (r/4)/((-5)/(-130)) composite?
True
Suppose 44 = -6*z - 52. Let m = 18 + z. Suppose -m*w = -5*w + 555. Is w a prime number?
False
Let i(d) = 5237*d**2 + 11*d - 13. Is i(-3) composite?
False
Let n(y) = 220*y - 9*y**2 + 3 + 3*y**3 - 2*y**3 - 227*y. Let i be (10/15)/(1/15). Is n(i) a composite number?
True
Suppose 39*x = 1368038 - 182165. Is x a composite number?
True
Let a(o) = 13*o**2 + o - 1. Let s be a(1). Suppose -s*u + 16*u = 1797. Is u prime?
True
Suppose -2*p - 3*y + 3 = -45, 5*p - 2*y - 82 = 0. Suppose d - p = 18. Is 2678/18 - (-8)/d composite?
False
Is (-74649 - 4)*(-2 - -1) composite?
False
Suppose 5*y + 29 = 4*l, -l + 0*y - 3*y + 3 = 0. Let h(g) = 18*g - 25. Is h(l) a composite number?
False
Let a(i) be the first derivative of -i**4/4 + 11*i**3/3 - i**2/2 + 4*i + 18. Is a(5) a composite number?
False
Let n be 1/(5/5)*-5. Let g(i) = -i**3 - i**2 + 5*i + 8. Is g(n) prime?
True
Suppose -4*f + 7242 - 56812 = -2*b, 0 = -3*b + 2*f + 74367. Is b prime?
False
Suppose 2*f + 3*q - 15335 = 9981, -4 = 2*q. Is f a prime number?
False
Let c be ((-45342)/8)/(-3) - 12/(-16). Suppose p = -p + 5*x + 1245, 0 = 3*p - 3*x - c. Is p a composite number?
True
Is 3/((-12)/10)*(-104180)/50 composite?
False
Let j be (1 - (-1)/(-5))/(10/25). Is (-1)/(-1)*((1894 - 3) + j) composite?
True
Let t be (-2)/(-18) + (-20712)/27. Let m = -430 - t. Is m a composite number?
False
Let w be ((-1104)/(-66))/(-4) + (-4)/(-22). Is w/34 + (-209705)/(-85) prime?
True
Let g(q) = -q**3 - 14*q**2 - 23*q - 1. Let c be g(-12). Let n(k) = -38*k + 29. Is n(c) composite?
False
Let a(w) = 799*w**2 + 4*w - 6. Is a(-5) prime?
True
Is (-5334)/(-28)*(-28)/(-6) a composite number?
True
Let i(r) = r**3 - 5*r**2 + 3*r - 6. Let g be i(5). Suppose 6*a + 171 = g*a. Is a a prime number?
False
Suppose 3*p + o + 4678 = 4*p, 4*p + 4*o = 18704. Let v = 2260 + p. Is v a composite number?
True
Let o(u) = u - 8. Let s be o(12). Suppose 0*v + 744 = -s*v. Let w = v + 283. Is w prime?
True
Suppose -3*i - 1 - 1 = -2*v, -5*v = -5*i - 5. Suppose i*b - 12 = -4*b. Suppose -6*j + j - 4*u = -415, -b*j - 5*u = -236. Is j prime?
False
Let t be (-8)/(-10)*((-1)/(-2) - -2). Suppose -j = w + t*w - 3934, -15775 = -4*j + w. Is j composite?
False
Let r(y) = y**3 - 10*y**2 + y + 1. Let j be r(10). Is -4 + (8 - j)*(-101 + 0) a composite number?
True
Let x(m) = m**3 + m**2 - 2*m + 6. Let o be x(3). Suppose -3*n = -4*d - 685, 1143 = 5*n + 2*d + o. Is n prime?
True
Let v be (-7)/28 + (-1)/(-4). Suppose -2*j - 3*o + 6 = v, -8 = -2*j - 2*o - 2*o. Suppose h + l - 65 = -h, -5*h - 4*l + 155 = j. Is h prime?
False
Suppose v - 4352 = 3*v. Let i = 3821 + v. Suppose 3*r + b = 988, -2*r + 2*b = -7*r + i. Is r a prime number?
True
Let u = 2 - -1. Suppose -4*l + 4 = -z, l - u*z = z + 16. Is 38/2*(1 - l) a prime number?
True
Let t(u) = -u**3 - 7*u**2 - 7*u + 12. Suppose 40 = -5*a - 0*a - 5*j, 2*a = 5*j - 23. Is t(a) prime?
False
Let d be 2/7 - (-18)/(-14). Let b = 5 + d. Suppose -b*v + 13 = a, -